 -4*h(t) + 5*q(t). What are the prime factors of v(5)?
2, 3, 13
Suppose -4*y = 5*q + 270 - 360, 2*q = -5*y + 36. What are the prime factors of q?
2, 3
Let z(l) = 2*l - 4. Let s be (-36)/(-16) - 1/4. Let c be z(s). Suppose 4*f + 5*m - 210 = c, -m = -4*f - 2*m + 218. What are the prime factors of f?
5, 11
Suppose 22*h - 283050 = -27*h + 24*h. List the prime factors of h.
2, 3, 17, 37
Let x = -151 - 21. Let m = 380 - x. List the prime factors of m.
2, 3, 23
Suppose -39080 + 255494 = 25*m - 19*m. What are the prime factors of m?
3, 11, 1093
Let i(m) = 6*m**2 - 103*m + 168. What are the prime factors of i(44)?
2, 7, 37
Suppose 160*a - 163*a = -7107. Let i = a + -1679. What are the prime factors of i?
2, 3, 5, 23
Suppose 43*i - 34*i = 144. Suppose -20 + i = -4*h, -5*u - 2*h + 1082 = 0. What are the prime factors of u?
2, 3
List the prime factors of -17 + (28 - 15) - 743*-9.
41, 163
Suppose 27*h = 18*h + 31059. List the prime factors of h.
7, 17, 29
Let o(v) = 12*v + 73 - 186 + 22. What are the prime factors of o(19)?
137
Suppose 0 = -35*z + 36*z + 197. Let l = 144 - z. List the prime factors of l.
11, 31
Suppose 19*f - 8166 = -3*q + 17*f, 0 = -5*q - 2*f + 13610. Suppose -3*o - 5*n = -2732, -3*o = 9*n - 14*n - q. List the prime factors of o.
3, 101
Let w = -25 + 288. Let n = 504 - w. What are the prime factors of n?
241
Suppose l = -4*h + 6410, -5*l + h - 3*h + 32194 = 0. List the prime factors of l.
2, 3221
Let r(s) be the second derivative of -s**5/10 - 17*s**4/12 + 29*s**3/6 - 19*s**2/2 + 190*s. What are the prime factors of r(-11)?
3, 89
Let v(u) = -145*u - 56. Let r be v(4). List the prime factors of ((-21)/(-12))/(-7)*r.
3, 53
What are the prime factors of (-91545)/6*1176/(-490)?
2, 3, 17, 359
Let h be 12/(-6)*23*2. Let j = -27 - h. Suppose j + 51 = 4*m. List the prime factors of m.
29
Let l = 8639 + 1425. List the prime factors of l.
2, 17, 37
Suppose 4*t - 2*c + 8 = 38, 19 = 3*t - 5*c. List the prime factors of (-139)/(54/t - 7).
2, 139
Let l = 6 - -13. Let f be l - (-1)/(3/9). Let s(i) = i - 1. List the prime factors of s(f).
3, 7
Suppose 168*d = 167*d - 1. Let g(c) = -354*c + 1. What are the prime factors of g(d)?
5, 71
Let r(v) = 572*v**3 - 3*v**2 + 177*v - 804. List the prime factors of r(5).
2, 35753
List the prime factors of 0 - -26669 - (-4 - (-11 - -10)).
2, 1667
Suppose 0 = -2*a + 609 + 4651. Suppose 7*v - a + 481 = 0. List the prime factors of v.
307
Let q = -39 - -44. Let f(t) = 79*t - 8. Let b be f(q). Let x = 636 - b. What are the prime factors of x?
3, 83
Let t(o) = 11 + 28 - 8*o + 11*o - 5*o. Let m be t(7). Suppose 2*r - 275 = -m. List the prime factors of r.
5
Let r be (48/(-9))/(-5 - (-102)/18). List the prime factors of (-7 + 16 + -215)*r.
2, 103
Suppose -m + 48 = 152. Let g = 22 + m. Let x = g + 116. List the prime factors of x.
2, 17
Suppose -3*d = -8*d - 0*d + 75755. List the prime factors of d.
109, 139
Let x(n) = -17*n - 12. Let r be x(-1). Suppose 2*k = r*c + 5*k - 987, 2*c - 400 = 4*k. List the prime factors of c.
2, 3, 11
Let l = -736 + 1095. Let s = -227 + l. List the prime factors of s.
2, 3, 11
Let q(j) = -7*j + 23. Let o be q(-7). Let f = 153 - o. List the prime factors of f.
3
Let k = 81 + -78. Suppose a + k*m + 1512 = 4*a, -3 = 3*m. What are the prime factors of a?
503
Let h be 4 - (-12*2)/3. Let i be 4/h + 2/(-6) + 11. What are the prime factors of (-1 - 3)/(-4)*i?
11
Let t(b) = -21*b**3 + b**2 + 4*b + 5. Suppose -3*k + i = -12, 0 = 5*k - i - 4*i - 30. Suppose 1 = k*g + 7. What are the prime factors of t(g)?
13
Let m be 49/(-2) - (5 + (-88)/16). List the prime factors of (m/4)/(21/(-364)).
2, 13
List the prime factors of (4/6)/(7/(1895985/30)).
13, 463
Suppose -2*k + 30025 = o, -13*k + 150170 = 5*o - 18*k. What are the prime factors of o?
59, 509
Suppose 964720 = 54*a + 8*a. What are the prime factors of a?
2, 5, 389
Let c be (4/16*-2)/(1/110). Let s = -53 - c. Suppose 50 = s*n - 60. What are the prime factors of n?
5, 11
What are the prime factors of (24348/(-4))/((-15)/30)?
2, 3, 2029
Suppose 7 = b + 2. Suppose 8*z - 681 = b*z. What are the prime factors of z?
227
What are the prime factors of 15*(-208)/(-120) - -40080?
2, 11, 1823
Let a = 112 - 59. Suppose 57*t = a*t + 704. What are the prime factors of t?
2, 11
Let l(j) = j**2 + 30*j - 15. Let y be l(-32). Suppose -5*o + 4*q - q - 89 = 0, 0 = 4*o + 5*q + y. Let w = o - -254. List the prime factors of w.
2, 7, 17
Suppose -6*q = -3*h - 55338, -24*h + 25*h = -4*q + 36880. List the prime factors of q.
9221
Suppose 0 = 4*k - 8, f + 17*k + 1 = 16*k. List the prime factors of (-9)/27 - 31/f.
2, 5
What are the prime factors of -1 + -3 + (-432610 - 23)/(-17)?
5, 7, 727
Let c(l) = 2086*l - 503. List the prime factors of c(23).
3, 5, 211
Let c be 6/(-4)*664/6. Let b(z) = 39*z + 729. Let q be b(-26). Let r = c - q. What are the prime factors of r?
7, 17
Let b = -877 + 1968. Suppose 2*w = t - 139 - b, -5*w - 3685 = -3*t. List the prime factors of t.
2, 5, 61
Let f(y) = 360*y - 307. What are the prime factors of f(12)?
4013
List the prime factors of (((-5360)/12)/4)/((-2)/1026).
3, 5, 19, 67
Let j = 900 - 240. Suppose -z - 4*t + j = 0, 648 = 4*z - 3*z + t. List the prime factors of z.
2, 7, 23
Let o(l) = -21*l - 38. Let b = -122 - -109. List the prime factors of o(b).
5, 47
Let q = 732 + 616. Suppose -26*w = -22*w - q. List the prime factors of w.
337
Let c = 8 + -15. Let b(a) = a**2 + 6*a + 1. Let k be b(c). What are the prime factors of k/((-48)/(-66))*13/1?
11, 13
Suppose -7*i + 12*i + 10 = 0, -5*z - 5*i = -16495. Suppose -8*u = -9*u + 4*y + 1678, 3*y = -2*u + z. What are the prime factors of u?
2, 829
Let t(z) = 3*z**2 - 152*z + 698. What are the prime factors of t(-94)?
2, 20747
Suppose 0 = b - 26 + 25. Let y be 0/b*6/18. Let r(n) = -2*n + 185. What are the prime factors of r(y)?
5, 37
Let s be -3 + 9/(27/(-264)). Suppose 7*o = -1099 - 287. Let d = s - o. List the prime factors of d.
107
List the prime factors of 6/(-27)*-3 - 30658*1/(-3).
2, 5, 7, 73
Suppose 48*p + 89656 = 31*p + 25*p. What are the prime factors of p?
7, 1601
Let g = -14892 + 24572. What are the prime factors of g?
2, 5, 11
Suppose -4150433 - 726335 = -104*p. What are the prime factors of p?
2, 19, 617
Suppose -117*b = -61*b - 55*b - 4702. What are the prime factors of b?
2, 2351
Suppose 3*w = -7*t + 24288, t - 16196 = -2*w - 3*t. List the prime factors of w.
2, 5, 811
Let v = -760 + 1602. List the prime factors of (-5 + 8 + v)/(-3 - -4).
5, 13
Let t(j) be the first derivative of 65*j**3/3 + 19*j**2/2 - 37*j - 102. What are the prime factors of t(3)?
5, 11
Let k = 11 - -169. Let t = 652 + k. What are the prime factors of t?
2, 13
Suppose 0 = -4*d + 5*f + 48595, -5*d + 4*f = -3*d - 24296. List the prime factors of d.
2, 3, 5
Let t be 1*(-2)/4*10. Suppose 2*c - 121 = -13*p + 8*p, -62 = -c - 4*p. Let x = c + t. What are the prime factors of x?
53
Suppose 11*w - 40 = 9*w. Suppose -w = -4*d, 4*i + 3*d = -3 + 22. What are the prime factors of (4 + -1 + -1)/(i/106)?
2, 53
Suppose 22*f - 276731 = 5*f + 2103. List the prime factors of f.
2, 59, 139
Let j(a) = -a**3 - 2*a**2 - a. Let r be j(-1). Let i(b) = -540*b**2 + 26 + 1103*b**2 + b + b - 6*b - 564*b**2. What are the prime factors of i(r)?
2, 13
Let x be 1/((1 + 0)*1/(-2)). Let m be x - ((-368)/80 - (-3)/5). Suppose m*j + j = -4*w + 438, -w = -3*j + 438. What are the prime factors of j?
2, 73
Let m(x) = -1906*x - 374. List the prime factors of m(-15).
2, 3527
Let h = 1 - -1. Suppose -2*n + 2 = n + 2*y, 0 = 4*n + 3*y - h. Suppose -492 + 100 = -n*s. List the prime factors of s.
2, 7
Let g(d) = 10*d**2 - 6*d + 1. Let q be g(4). Let v(t) = -43*t - 50. Let y be v(-1). List the prime factors of y/14 - q/(-2).
2, 17
Let t(f) = 9*f - 79. Let r be t(10). Let z(g) = 60*g - 87. What are the prime factors of z(r)?
3, 191
Let t(y) = -y**3 + 6*y + 5. Let p = 219 - 226. List the prime factors of t(p).
2, 3, 17
Let z(f) = f**3 + 16*f**2 - f - 12. Let p = 40 - 56. Let a be z(p). Suppose a*x - 19 = 5*u + 7, -5*x + 10 = 5*u. What are the prime factors of x?
2
Suppose -621*z + 273025 + 225725 = -602*z. What are the prime factors of z?
2, 3, 5, 7
Let l(h) = 122*h**2 + 56*h + 1032. What are the prime factors of l(-12)?
2, 3, 83
Let g = 554 - 1514. What are the prime fac